
65
Let m(h) = -6*h + 157. Give m(15).
67
Let a(r) = r**2 - r - 40. Calculate a(-8).
32
Let t(w) = -8*w**3 + 721*w**2 + 639*w - 178. Calculate t(91).
4
Let i(l) = 1684*l + 16825. Calculate i(-10).
-15
Let d(s) = -11*s**3 - 640*s**2 + 545*s + 832. Calculate d(-59).
6
Let m(w) = 2*w**2 + 38*w - 53. Calculate m(-19).
-53
Let p(c) = 125*c - 1155. What is p(11)?
220
Let h(n) = 7*n - 744. Calculate h(128).
152
Let v(c) = 2*c**3 + 21*c**2 + c - 47. What is v(-10)?
43
Let p(w) = w**3 - 134*w**2 + 265*w - 147. Give p(132).
-15
Let d(o) = -6*o**2 + 3*o + 12. Calculate d(-2).
-18
Let m(j) = -j**3 - 14*j**2 - 47*j - 2. Calculate m(-6).
-8
Let y(g) = -2*g**2 - 121*g - 21. Give y(-60).
39
Let v(r) = 2*r**3 - 2*r**2 - 17*r + 31. Give v(5).
146
Let i(k) = -804*k - 41804. Determine i(-52).
4
Let b(i) = 5*i**2 - 140*i + 485. Determine b(4).
5
Let x(a) = -2*a**3 + 9*a**2 - 4*a + 137. What is x(6)?
5
Let c(y) = 74*y**3 + 6*y**2 - y - 9. Determine c(-2).
-575
Let w(k) = 90*k - 795. Determine w(11).
195
Let y(l) = 10*l**2 - 46*l + 223. Calculate y(6).
307
Let k(h) = 3*h - 58. Determine k(-8).
-82
Let g(b) = 100*b + 251. Determine g(0).
251
Let i(t) = -129*t + 262. Determine i(2).
4
Let u(l) = -66*l - 6701. What is u(-102)?
31
Let t(o) = -99*o - 2876. What is t(-29)?
-5
Let n(g) = 51*g + 174. Determine n(-4).
-30
Let c(w) = -w**3 - 20*w**2 + 43*w - 13. Determine c(-22).
9
Let l(b) = 9*b**3 - 6*b**2 - 47*b + 109. Calculate l(2).
63
Let o(h) = -477*h + 24324. Determine o(51).
-3
Let m(w) = 24*w - 477. Give m(26).
147
Let t(b) = -224*b + 353. Determine t(1).
129
Let k(q) = -1203*q - 9569. Determine k(-8).
55
Let y(c) = -48*c + 138. Give y(6).
-150
Let c(l) = l**2 + 446*l + 49529. What is c(-237)?
-4
Let k(o) = -2*o**3 + 176*o**2 - 1433*o + 86. Determine k(9).
-13
Let p(l) = -l**3 - 60*l**2 + 59*l - 107. Give p(-61).
15
Let a(q) = 2*q**3 - 3*q**2 - 9*q + 6. What is a(-4)?
-134
Let j(x) = -4*x**2 - 204*x + 213. What is j(-52)?
5
Let y(b) = -86*b**3 - 3*b**2 - b + 1. Determine y(-1).
85
Let l(o) = o**3 + 7*o**2 + 22*o + 125. What is l(-7)?
-29
Let g(q) = q**2 - 7*q + 44. What is g(8)?
52
Let w(f) = -f**2 + 640*f + 3237. What is w(-5)?
12
Let g(w) = 23*w**2 - 304*w - 69. What is g(14)?
183
Let p(l) = 935*l - 3734. Determine p(4).
6
Let u(q) = q**3 - q**2 - 2*q + 35. What is u(4)?
75
Let x(d) = -d**3 - 107*d**2 + 32*d + 3404. What is x(-107)?
-20
Let k(l) = 89*l + 448. What is k(-5)?
3
Let j(t) = -t**3 + 17*t**2 - 6*t + 31. What is j(17)?
-71
Let m(u) = 107*u - 11555. Determine m(108).
1
Let m(z) = -36*z - 641. What is m(-26)?
295
Let m(k) = -k**2 - 138*k + 1007. Give m(7).
-8
Let z(j) = -34*j**2 + 340*j - 8. What is z(10)?
-8
Let m(o) = 3*o**3 - 254*o**2 - 92*o + 593. Determine m(85).
-2
Let q(n) = n**3 - 4*n**2 - 2*n + 15. Calculate q(5).
30
Let g(q) = 1550*q - 6198. Calculate g(4).
2
Let k(c) = -5*c**2 - 47*c - 121. Calculate k(-8).
-65
Let k(c) = 30*c**2 + 510*c + 2. What is k(-17)?
2
Let r(g) = -1066*g - 2140. Determine r(-2).
-8
Let c(l) = -l**3 + 29*l**2 + 29*l + 94. Determine c(30).
64
Let s(p) = -8*p**3 + 8*p**2 - 2*p - 50. Give s(-4).
598
Let z(w) = w**2 - 221*w + 11856. Determine z(92).
-12
Let i(g) = -3*g**3 - 44*g**2 + 71*g + 36. Give i(2).
-22
Let v(k) = k**3 - 62*k**2 + 7*k - 434. What is v(62)?
0
Let y(q) = 50*q**2 - 28*q + 62. What is y(3)?
428
Let z(q) = -61*q - 1352. Give z(-22).
-10
Let y(n) = -205*n - 3279. What is y(-16)?
1
Let a(k) = -8773*k - 52638. Give a(-6).
0
Let i(s) = 6*s**3 - 42*s**2 - 16. Give i(7).
-16
Let a(h) = -16*h**2 - 204*h - 389. Calculate a(-2).
-45
Let l(v) = -v**2 - 58*v + 395. Determine l(-63).
80
Let z(h) = -3*h**2 + 71*h - 253. Determine z(13).
163
Let x(t) = 4*t**2 - 46*t - 42. What is x(12)?
-18
Let s(k) = 33*k + 166. Calculate s(-5).
1
Let p(b) = 30*b**2 - 16*b - 17. Give p(-1).
29
Let x(j) = 10*j + 41. Calculate x(5).
91
Let g(d) = 2*d**2 + 9*d - 21. Calculate g(9).
222
Let n(g) = 77*g + 478. Determine n(-6).
16
Let n(v) = 168*v + 1349. Give n(-8).
5
Let m(x) = 286*x + 281. Give m(-1).
-5
Let z(b) = 2*b**2 - 4*b - 10. Give z(9).
116
Let p(z) = 2849*z - 8538. Give p(3).
9
Let v(n) = -3*n**3 - 15*n**2 + 4*n + 2. Give v(-3).
-64
Let i(v) = 2*v**3 - 5*v**2 + 6*v + 9. Determine i(5).
164
Let q(l) = 2*l + 25. What is q(21)?
67
Let i(y) = -y**3 - 62*y**2 + 60*y - 153. Determine i(-63).
36
Let x(r) = 2*r**3 - 18*r**2 + r - 83. Give x(0).
-83
Let s(w) = 13*w - 1107. Give s(86).
11
Let m(u) = -u**2 + 64*u - 953. Calculate m(30).
67
Let v(c) = -9*c**3 + 73*c**2 + 6*c - 31. Calculate v(8).
81
Let n(m) = 70*m**2 + 12*m + 24. Determine n(-2).
280
Let p(s) = -186*s - 1318. Give p(-7).
-16
Let i(j) = -17*j + 326. What is i(20)?
-14
Let a(c) = -2*c**3 - 7*c**2 - 10*c - 172. Give a(-6).
68
Let n(t) = 115*t - 55. Give n(1).
60
Let d(q) = -2*q**3 - 15*q**2 + 7*q + 18. What is d(-7)?
-80
Let w(u) = 1464*u + 24894. Give w(-17).
6
Let m(j) = -j**2 + 200*j + 803. Give m(-4).
-13
Let l(b) = -115*b**3 + 5*b**2 - 10*b - 11. Give l(-1).
119
Let b(j) = 84*j**2 + 257*j - 8. Determine b(-3).
-23
Let c(j) = -24*j + 408. Calculate c(17).
0
Let j(k) = -k**3 - 16*k**2 + 3*k + 29. Give j(-16).
-19
Let a(l) = -l**2 + 28*l + 72. Calculate a(26).
124
Let s(y) = y**3 - 6*y**2 - 31*y + 53. Determine s(11).
317
Let m(k) = k**2 - 36*k - 212. Calculate m(41).
-7
Let u(q) = 2*q**2 - 54*q - 17871. Calculate u(-82).
5
Let x(b) = b**3 - 7*b**2 - 38*b + 69. Determine x(10).
-11
Let k(j) = j**2 - 11*j + 13. Give k(19).
165
Let d(t) = -t + 147. Calculate d(-11).
158
Let z(g) = g**3 - 22*g**2 + 77*g - 53. Calculate z(17).
-189
Let z(v) = -11*v - 116. Calculate z(-15).
49
Let o(x) = 89*x + 115. Calculate o(-3).
-152
Let i(a) = -63*a - 370. Give i(-6).
8
Let s(v) = v**3 - 27*v**2 + 55*v + 162. Determine s(24).
-246
Let r(n) = -2*n**3 - 17*n**2 - 12*n - 4. Determine r(-8).
28
Let f(h) = 108*h - 430. Give f(4).
2
Let p(m) = -m**3 + 37*m**2 - 178*m + 5107. What is p(36)?
-5
Let c(a) = -8*a**2 - 21*a - 47. Give c(-7).
-292
Let j(f) = -f**3 - 83*f**2 + 252*f - 505. Calculate j(-86).
11
Let a(w) = w**3 + 33*w**2 - 33*w - 106. Determine a(-34).
-140
Let t(l) = -l**3 - 5*l**2 + 74*l + 232. Give t(-3).
-8
Let i(l) = -4*l**2 - 60*l + 298. Give i(-19).
-6
Let o(z) = 64*z**2 + 292*z + 146. Calculate o(-4).
2
Let o(p) = 197*p - 3. Determine o(0).
-3
Let h(i) = -i**2 - 460*i + 2290. What is h(5)?
-35
Let n(h) = 2*h**3 + 892*h**2 + 890*h - 5. Calculate n(-445).
-5
Let i(x) = 2*x**2 + 51*x + 255. What is i(-17)?
-34
Let j(m) = 2*m**2 - 11. Calculate j(-3).
7
Let q(d) = -83*d - 1005. What is q(-12)?
-9
Let r(z) = 13*z**2 - 492*z + 490. Give r(1).
11
Let j(y) = y**2 - 52*y + 359. Calculate j(8).
7
Let m(f) = f**2 + 10*f - 18. Determine m(-17).
101
Let a(i) = -i**3 - 16*i**2 + 163*i + 51. Calculate a(-23).
5
Let m(f) = -f**3 - 92*f**2 - 360*f - 690. Calculate m(-88).
14
Let l(x) = x**3 + 20*x**2 + 73*x - 44. Determine l(-15).
-14
Let j(i) = 42*i + 298. What is j(5)?
508
Let n(p) = -2*p**3 - 20*p**2 - 11*p + 9. Calculate n(-10).
119
Let c(h) = -h**3 + 9*h**2 + 44*h - 81. Determine c(13).
-185
Let n(y) = -y**2 + 36*y - 37. Give n(22).
271
Let p(r) = -178*r + 1048. Determine p(6).
-20
Let j(i) = -12*i**2 + 2167*i + 2167. What is j(-1)?
-12
Let y(r) = -37*r + 77. What is y(7)?
-182
Let c(w) = -2*w**3 - 2*w**2 + 24*w - 12. Give c(4).
-76
Let a(h) = 10*h**3 - 59*h**2 + 33*h - 243. Give a(6).
-9
Let q(j) = -492*j + 62983. Give q(128).
7
Let s(c) = -c**2 + 176*c - 5768. Calculate s(44).
40
Let a(x) = 18*x**2 + 7*x + 9. What is a(-1)?
20
Let l(f) = 777*f + 11650. Determine l(-15).
-5
Let b(q) = -q**3 - 2*q**2 + 9*q - 15. Calculate b(-5).
15
Let a(b) = b**3 - 9*b**2 - 6*b + 106. Calculate a(5).
-24
Let t(f) = -f**3 - 2*f**2 + 172*f - 19. Give t(12).
29
Let m(n) = -4*n**3 + 57*n**2 - 54*n - 2. Calculate m(1).
-3
Let t(m) = -11*m**3 + 2*m**2 + 32*m - 59. Calculate t(2).
-75
Let w(z) = z**3 + 4*z**2 - z + 53. Give w(-6).
-13
Let u(q) = 27*q - 18. Give u(-1).
-45
Let l(b) = -b**3 - 12*b**2 + 60*b + 278. Determine l(-15).
53
Let p(l) = 3*l**2 - 109*l + 229. Calculate p(34).
-9
Let q(b) = 2*b**2 + 76*b - 152. Calculate q(-40).
8
Let p(q) = q**2 - 1064*q + 8443. Determine p(8).
-5
Let v(g) = -30*g**2 + 195*g + 119. What is v(7)?
14
Let v(u) = -3*u**3 + 45*u**2 - 77*u - 44. Determine v(13).
-31
Let f(h) = 2*h